igit of 13112?
1
What is the tens digit of 21258?
5
What is the units digit of 352?
2
What is the units digit of 19050?
0
What is the tens digit of 1061?
6
What is the thousands digit of 1239?
1
What is the hundreds digit of 695?
6
What is the units digit of 540?
0
What is the thousands digit of 18408?
8
What is the ten thousands digit of 73698?
7
What is the tens digit of 274?
7
What is the hundreds digit of 35759?
7
What is the tens digit of 12047?
4
What is the hundreds digit of 302?
3
What is the thousands digit of 11951?
1
What is the thousands digit of 3821?
3
What is the thousands digit of 2169?
2
What is the ten thousands digit of 13327?
1
What is the ten thousands digit of 115996?
1
What is the hundreds digit of 8376?
3
What is the units digit of 2004?
4
What is the units digit of 29000?
0
What is the thousands digit of 38451?
8
What is the units digit of 7681?
1
What is the thousands digit of 21782?
1
What is the tens digit of 1365?
6
What is the tens digit of 650?
5
What is the units digit of 304?
4
What is the thousands digit of 11655?
1
What is the tens digit of 836?
3
What is the hundreds digit of 4375?
3
What is the units digit of 54281?
1
What is the units digit of 8992?
2
What is the tens digit of 511?
1
What is the hundreds digit of 833?
8
What is the hundreds digit of 16529?
5
What is the units digit of 843?
3
What is the hundreds digit of 3775?
7
What is the tens digit of 11168?
6
What is the units digit of 7731?
1
What is the ten thousands digit of 48229?
4
What is the thousands digit of 3686?
3
What is the thousands digit of 4335?
4
What is the units digit of 72555?
5
What is the tens digit of 3986?
8
What is the thousands digit of 96620?
6
What is the units digit of 845?
5
What is the hundreds digit of 16074?
0
What is the tens digit of 4604?
0
What is the hundreds digit of 15111?
1
What is the tens digit of 1845?
4
What is the tens digit of 2701?
0
What is the units digit of 930?
0
What is the tens digit of 15422?
2
What is the tens digit of 7007?
0
What is the units digit of 2709?
9
What is the units digit of 585?
5
What is the units digit of 24273?
3
What is the hundreds digit of 25512?
5
What is the ten thousands digit of 84919?
8
What is the hundreds digit of 1728?
7
What is the tens digit of 49952?
5
What is the ten thousands digit of 31342?
3
What is the units digit of 2109?
9
What is the hundreds digit of 3268?
2
What is the hundreds digit of 5360?
3
What is the ten thousands digit of 14917?
1
What is the tens digit of 332?
3
What is the tens digit of 1567?
6
What is the units digit of 279?
9
What is the ten thousands digit of 105819?
0
What is the tens digit of 66?
6
What is the units digit of 658?
8
What is the hundreds digit of 1748?
7
What is the units digit of 9254?
4
What is the tens digit of 12156?
5
What is the thousands digit of 28833?
8
What is the hundreds digit of 8281?
2
What is the units digit of 1041?
1
What is the hundreds digit of 4145?
1
What is the ten thousands digit of 24737?
2
What is the units digit of 4711?
1
What is the hundreds digit of 8280?
2
What is the units digit of 3323?
3
What is the tens digit of 5924?
2
What is the ten thousands digit of 10260?
1
What is the hundreds digit of 600?
6
What is the tens digit of 43388?
8
What is the hundreds digit of 31476?
4
What is the hundreds digit of 1762?
7
What is the tens digit of 2246?
4
What is the units digit of 12624?
4
What is the hundreds digit of 1660?
6
What is the tens digit of 82782?
8
What is the units digit of 72?
2
What is the tens digit of 3851?
5
What is the hundreds digit of 92469?
4
What is the hundreds digit of 187?
1
What is the units digit of 1603?
3
What is the tens digit of 95?
9
What is the hundreds digit of 104?
1
What is the thousands digit of 3298?
3
What is the thousands digit of 4282?
4
What is the thousands digit of 5878?
5
What is the tens digit of 741?
4
What is the tens digit of 25393?
9
What is the ten thousands digit of 33496?
3
What is the units digit of 315?
5
What is the hundreds digit of 35465?
4
What is the thousands digit of 63098?
3
What is the hundreds digit of 10791?
7
What is the units digit of 3303?
3
What is the thousands digit of 8543?
8
What is the tens digit of 18410?
1
What is the units digit of 10621?
1
What is the tens digit of 26641?
4
What is the thousands digit of 1691?
1
What is the hundreds digit of 3792?
7
What is the units digit of 90?
0
What is the hundreds digit of 1112?
1
What is the tens digit of 7140?
4
What is the hundreds digit of 1796?
7
What is the units digit of 18736?
6
What is the thousands digit of 5870?
5
What is the units digit of 1050?
0
What is the ten thousands digit of 20619?
2
What is the thousands digit of 15938?
5
What is the units digit of 2324?
4
What is the hundreds digit of 19912?
9
What is the thousands digit of 21108?
1
What is the thousands digit of 12946?
2
What is the units digit of 109346?
6
What is the hundreds digit of 1592?
5
What is the units digit of 236?
6
What is the tens digit of 515?
1
What is the tens digit of 10521?
2
What is the ten thousands digit of 31854?
3
What is the hundreds digit of 2846?
8
What is the hundreds digit of 1185?
1
What is the units digit of 7010?
0
What is the thousands digit of 27984?
7
What is the tens digit of 18136?
3
What is the units digit of 895?
5
What is the units digit of 8754?
4
What is the ten thousands digit of 79709?
7
What is the hundreds digit of 14083?
0
What is the units digit of 40831?
1
What is the hundreds digit of 158?
1
What is the thousands digit of 32246?
2
What is the thousands digit of 1726?
1
What is the units digit of 363?
3
What is the thousands digit of 72975?
2
What is the tens digit of 19713?
1
What is the tens digit of 16436?
3
What is the hundreds digit of 48512?
5
What is the units digit of 7957?
7
What is the units digit of 425?
5
What is the thousands digit of 1858?
1
What is the ten thousands digit of 92094?
9
What is the thousands digit of 2720?
2
What is the thousands digit of 46759?
6
What is the hundreds digit of 26967?
9
What is the thousands digit of 20282?
0
What is the thousands digit of 1647?
1
What is the units digit of 856?
6
What is the units digit of 4952?
2
What is the hundreds digit of 936?
9
What is the tens digit of 1449?
4
What is the units digit of 5097?
7
What is the hundreds digit of 588?
5
What is the hundreds digit of 1774?
7
What is the thousands digit of 13187?
3
What is the hundreds digit of 828?
8
What is the thousands digit of 4670?
4
What is the hundreds digit of 1164?
1
What is the tens digit of 226?
2
What is the hundreds digit of 55692?
6
What is the tens digit of 7880?
8
What is the ten thousands digit of 67687?
6
What is the tens digit of 313?
1
What is the hundreds digit of 3051?
0
What is the tens digit of 338?
3
What is the hundreds digit of 33470?
4
What is the hundreds digit of 1699?
6
What is the thousands digit of 5326?
5
What is the units digit of 369?
9
What is the hundreds digit of 1871?
8
What is the hundreds digit of 3721?
7
What is the hundreds digit of 30876?
8
What is the units digit of 49845?
5
What is the hundreds digit of 29279?
2
What is the units digit of 19685?
5
What is the thousands digit of 39634?
9
What is the units digit of 9898?
8
What is the tens digit of 545?
4
What is the units digit of 17481?
1
What is the tens digit of 63134?
3
What is the thousands digit of 2235?
2
What is the thousands digit of 3486?
3
What is the thousands digit of 20813?
0
What is the tens digit of 1260?
6
What is the hundreds digit of 3152?
1
What is the ten thousands digit of 38510?
3
What is the thousands digit of 66487?
6
What is the hundreds digit of 18069?
0
What is the units digit of 24328?
8
What is the units digit of 6999?
9
What is the thousands digit of 47548?
7
What is the tens digit of 395?
9
What is the units digit of 34738?
8
What is the units digit of 15313?
3
What is the tens digit of 56029?
2
What is the tens digit of 62092?
9
What is the tens digit of 439?
3
What is the hundreds digit of 4175?
1
What is the units digit of 879?
9
What is the tens digit of 810?
1
What is the hundred thousands digit of 179423?
1
What is the units digit of 2552?
2
What is the hundreds digit of 13226?
2
What is the tens digit of 4829?
2
What is